{"id":10,"date":"2022-04-05T15:04:29","date_gmt":"2022-04-05T13:04:29","guid":{"rendered":"https:\/\/pba.mmsh.fr\/?page_id=10"},"modified":"2024-12-17T10:07:14","modified_gmt":"2024-12-17T09:07:14","slug":"contact","status":"publish","type":"page","link":"https:\/\/pba.mmsh.fr\/?page_id=10","title":{"rendered":"Contact"},"content":{"rendered":"\n<p>Courriel : contact.bibliotheques.mmsh@services.cnrs.fr<\/p>\n\n\n\n<h2 class=\"wp-block-heading\">BiAA<\/h2>\n\n\n\n<p>T\u00e9l. accueil : +33 (0)4 42 52 42 55<\/p>\n\n\n\n<p>Page web&nbsp;: <a href=\"https:\/\/ccj.cnrs.fr\/spip.php?article1877\">https:\/\/ccj.cnrs.fr\/spip.php?article1877<\/a><\/p>\n\n\n\n<h2 class=\"wp-block-heading\">M\u00e9diath\u00e8que SHS<\/h2>\n\n\n\n<p>T\u00e9l\u00e9phone accueil de la M\u00e9diath\u00e8que SHS : +33 (0)4 42 52 41 04<\/p>\n\n\n\n<p>T\u00e9l\u00e9phone secteur archives de la recherche : +33 (0)4 42 40 38<\/p>\n\n\n\n<h2 class=\"wp-block-heading\">Plan d&rsquo;acc\u00e8s site MMSH Jas de Bouffan<\/h2>\n\n\n\n<div class=\"wp-block-group\"><div class=\"wp-block-group__inner-container is-layout-flow wp-block-group-is-layout-flow\">\n<iframe loading=\"lazy\" scrolling=\"no\" marginheight=\"0\" marginwidth=\"0\" src=\"https:\/\/www.openstreetmap.org\/export\/embed.html?bbox=5.416050553321838%2C43.527869693810814%2C5.420516431331635%2C43.53005161601274&amp;layer=mapnik&amp;marker=43.52896066477811%2C5.4182834923267365\" style=\"border: 1px solid black\" width=\"425\" height=\"350\" frameborder=\"0\"><\/iframe><br><small><a href=\"https:\/\/www.openstreetmap.org\/?mlat=43.52896&amp;mlon=5.41828#map=19\/43.52896\/5.41828\">Afficher une carte plus grande<\/a><\/small>\n<\/div><\/div>\n\n\n\n<h2 class=\"wp-block-heading\">Biblioth\u00e8que recherche du Mesopolhis<\/h2>\n\n\n\n<p>T\u00e9l. accueil : +33 (0)4 65 04 71 15<\/p>\n\n\n\n<p>Courriel : emilie.david[at]sciencespo-aix.fr \/ coralie.lysiak[at]sciencespo-aix.fr<\/p>\n\n\n\n<p>Page Web : <a href=\"https:\/\/mesopolhis.fr\/le-laboratoire\/la-bibliotheque-recherche\/\">https:\/\/mesopolhis.fr\/le-laboratoire\/la-bibliotheque-recherche\/<\/a> <\/p>\n\n\n\n<h2 class=\"wp-block-heading\">Plan d&rsquo;acc\u00e8s espace Seguin<\/h2>\n\n\n\n<div class=\"wp-block-group\"><div class=\"wp-block-group__inner-container is-layout-constrained wp-block-group-is-layout-constrained\">\n<iframe loading=\"lazy\" width=\"425\" height=\"350\" src=\"https:\/\/www.openstreetmap.org\/export\/embed.html?bbox=5.432664155960084%2C43.52801360198439%2C5.438860058784486%2C43.53043276366438&amp;layer=mapnik&amp;marker=43.52922319495298%2C5.435762107372284\" style=\"border: 1px solid black\"><\/iframe><br\/><small><a href=\"https:\/\/www.openstreetmap.org\/?mlat=43.529223&amp;mlon=5.435762#map=19\/43.529223\/5.435762&amp;layers=N\">Afficher une carte plus grande<\/a><\/small>\n<\/div><\/div>\n\n\n\n<p><\/p>\n","protected":false},"excerpt":{"rendered":"<p>Courriel : contact.bibliotheques.mmsh@services.cnrs.fr BiAA T\u00e9l. accueil : +33 (0)4 42 52 42 55 Page web&nbsp;: https:\/\/ccj.cnrs.fr\/spip.php?article1877 M\u00e9diath\u00e8que SHS T\u00e9l\u00e9phone accueil de la M\u00e9diath\u00e8que SHS : +33 (0)4 42 52 41 04 T\u00e9l\u00e9phone secteur archives de la recherche : +33 (0)4 42 40 38 Plan d&rsquo;acc\u00e8s site MMSH Jas de Bouffan Afficher une carte plus grande&hellip; <a class=\"more-link\" href=\"https:\/\/pba.mmsh.fr\/?page_id=10\">Poursuivre la lecture <span class=\"screen-reader-text\">Contact<\/span><\/a><\/p>\n","protected":false},"author":8,"featured_media":0,"parent":0,"menu_order":0,"comment_status":"closed","ping_status":"closed","template":"","meta":{"footnotes":""},"class_list":["post-10","page","type-page","status-publish","hentry","entry"],"yoast_head":"<!-- This site is optimized with the Yoast SEO plugin v27.2 - https:\/\/yoast.com\/product\/yoast-seo-wordpress\/ -->\n<title>Contact - P\u00f4le Biblioth\u00e8ques et Archives de la MMSH<\/title>\n<meta name=\"robots\" content=\"index, follow, max-snippet:-1, max-image-preview:large, max-video-preview:-1\" \/>\n<link rel=\"canonical\" href=\"https:\/\/pba.mmsh.fr\/?page_id=10\" \/>\n<meta property=\"og:locale\" content=\"fr_FR\" \/>\n<meta property=\"og:type\" content=\"article\" \/>\n<meta property=\"og:title\" content=\"Contact - P\u00f4le Biblioth\u00e8ques et Archives de la MMSH\" \/>\n<meta property=\"og:description\" content=\"Courriel : contact.bibliotheques.mmsh@services.cnrs.fr BiAA T\u00e9l. accueil : +33 (0)4 42 52 42 55 Page web&nbsp;: https:\/\/ccj.cnrs.fr\/spip.php?article1877 M\u00e9diath\u00e8que SHS T\u00e9l\u00e9phone accueil de la M\u00e9diath\u00e8que SHS : +33 (0)4 42 52 41 04 T\u00e9l\u00e9phone secteur archives de la recherche : +33 (0)4 42 40 38 Plan d&rsquo;acc\u00e8s site MMSH Jas de Bouffan Afficher une carte plus grande&hellip; Poursuivre la lecture Contact\" \/>\n<meta property=\"og:url\" content=\"https:\/\/pba.mmsh.fr\/?page_id=10\" \/>\n<meta property=\"og:site_name\" content=\"P\u00f4le Biblioth\u00e8ques et Archives de la MMSH\" \/>\n<meta property=\"article:modified_time\" content=\"2024-12-17T09:07:14+00:00\" \/>\n<meta property=\"og:image\" content=\"https:\/\/pba.mmsh.fr\/wp-content\/uploads\/2022\/04\/LOGO-MMSH-UAR-2022-2.png\" \/>\n\t<meta property=\"og:image:width\" content=\"1654\" \/>\n\t<meta property=\"og:image:height\" content=\"552\" \/>\n\t<meta property=\"og:image:type\" content=\"image\/png\" \/>\n<meta name=\"twitter:card\" content=\"summary_large_image\" \/>\n<meta name=\"twitter:label1\" content=\"Dur\u00e9e de lecture estim\u00e9e\" \/>\n\t<meta name=\"twitter:data1\" content=\"1 minute\" \/>\n<script type=\"application\/ld+json\" class=\"yoast-schema-graph\">{\"@context\":\"https:\/\/schema.org\",\"@graph\":[{\"@type\":\"WebPage\",\"@id\":\"https:\/\/pba.mmsh.fr\/?page_id=10\",\"url\":\"https:\/\/pba.mmsh.fr\/?page_id=10\",\"name\":\"Contact - P\u00f4le Biblioth\u00e8ques et Archives de la MMSH\",\"isPartOf\":{\"@id\":\"https:\/\/pba.mmsh.fr\/#website\"},\"datePublished\":\"2022-04-05T13:04:29+00:00\",\"dateModified\":\"2024-12-17T09:07:14+00:00\",\"breadcrumb\":{\"@id\":\"https:\/\/pba.mmsh.fr\/?page_id=10#breadcrumb\"},\"inLanguage\":\"fr-FR\",\"potentialAction\":[{\"@type\":\"ReadAction\",\"target\":[\"https:\/\/pba.mmsh.fr\/?page_id=10\"]}]},{\"@type\":\"BreadcrumbList\",\"@id\":\"https:\/\/pba.mmsh.fr\/?page_id=10#breadcrumb\",\"itemListElement\":[{\"@type\":\"ListItem\",\"position\":1,\"name\":\"Accueil\",\"item\":\"https:\/\/pba.mmsh.fr\/\"},{\"@type\":\"ListItem\",\"position\":2,\"name\":\"Contact\"}]},{\"@type\":\"WebSite\",\"@id\":\"https:\/\/pba.mmsh.fr\/#website\",\"url\":\"https:\/\/pba.mmsh.fr\/\",\"name\":\"P\u00f4le Biblioth\u00e8ques et Archives de la MMSH\",\"description\":\"Biblioth\u00e8ques et Archives \u00e0 la Maison m\u00e9diterran\u00e9enne des sciences de l\u2019homme\",\"publisher\":{\"@id\":\"https:\/\/pba.mmsh.fr\/#organization\"},\"potentialAction\":[{\"@type\":\"SearchAction\",\"target\":{\"@type\":\"EntryPoint\",\"urlTemplate\":\"https:\/\/pba.mmsh.fr\/?s={search_term_string}\"},\"query-input\":{\"@type\":\"PropertyValueSpecification\",\"valueRequired\":true,\"valueName\":\"search_term_string\"}}],\"inLanguage\":\"fr-FR\"},{\"@type\":\"Organization\",\"@id\":\"https:\/\/pba.mmsh.fr\/#organization\",\"name\":\"P\u00f4le Biblioth\u00e8ques et Archives de la MMSH\",\"url\":\"https:\/\/pba.mmsh.fr\/\",\"logo\":{\"@type\":\"ImageObject\",\"inLanguage\":\"fr-FR\",\"@id\":\"https:\/\/pba.mmsh.fr\/#\/schema\/logo\/image\/\",\"url\":\"https:\/\/pba.mmsh.fr\/wp-content\/uploads\/2026\/01\/cropped-cropped-LOGO-UAR-MMSHS-coul.png\",\"contentUrl\":\"https:\/\/pba.mmsh.fr\/wp-content\/uploads\/2026\/01\/cropped-cropped-LOGO-UAR-MMSHS-coul.png\",\"width\":1161,\"height\":303,\"caption\":\"P\u00f4le Biblioth\u00e8ques et Archives de la MMSH\"},\"image\":{\"@id\":\"https:\/\/pba.mmsh.fr\/#\/schema\/logo\/image\/\"}}]}<\/script>\n<!-- \/ Yoast SEO plugin. -->","yoast_head_json":{"title":"Contact - P\u00f4le Biblioth\u00e8ques et Archives de la MMSH","robots":{"index":"index","follow":"follow","max-snippet":"max-snippet:-1","max-image-preview":"max-image-preview:large","max-video-preview":"max-video-preview:-1"},"canonical":"https:\/\/pba.mmsh.fr\/?page_id=10","og_locale":"fr_FR","og_type":"article","og_title":"Contact - P\u00f4le Biblioth\u00e8ques et Archives de la MMSH","og_description":"Courriel : contact.bibliotheques.mmsh@services.cnrs.fr BiAA T\u00e9l. accueil : +33 (0)4 42 52 42 55 Page web&nbsp;: https:\/\/ccj.cnrs.fr\/spip.php?article1877 M\u00e9diath\u00e8que SHS T\u00e9l\u00e9phone accueil de la M\u00e9diath\u00e8que SHS : +33 (0)4 42 52 41 04 T\u00e9l\u00e9phone secteur archives de la recherche : +33 (0)4 42 40 38 Plan d&rsquo;acc\u00e8s site MMSH Jas de Bouffan Afficher une carte plus grande&hellip; Poursuivre la lecture Contact","og_url":"https:\/\/pba.mmsh.fr\/?page_id=10","og_site_name":"P\u00f4le Biblioth\u00e8ques et Archives de la MMSH","article_modified_time":"2024-12-17T09:07:14+00:00","og_image":[{"width":1654,"height":552,"url":"https:\/\/pba.mmsh.fr\/wp-content\/uploads\/2022\/04\/LOGO-MMSH-UAR-2022-2.png","type":"image\/png"}],"twitter_card":"summary_large_image","twitter_misc":{"Dur\u00e9e de lecture estim\u00e9e":"1 minute"},"schema":{"@context":"https:\/\/schema.org","@graph":[{"@type":"WebPage","@id":"https:\/\/pba.mmsh.fr\/?page_id=10","url":"https:\/\/pba.mmsh.fr\/?page_id=10","name":"Contact - P\u00f4le Biblioth\u00e8ques et Archives de la MMSH","isPartOf":{"@id":"https:\/\/pba.mmsh.fr\/#website"},"datePublished":"2022-04-05T13:04:29+00:00","dateModified":"2024-12-17T09:07:14+00:00","breadcrumb":{"@id":"https:\/\/pba.mmsh.fr\/?page_id=10#breadcrumb"},"inLanguage":"fr-FR","potentialAction":[{"@type":"ReadAction","target":["https:\/\/pba.mmsh.fr\/?page_id=10"]}]},{"@type":"BreadcrumbList","@id":"https:\/\/pba.mmsh.fr\/?page_id=10#breadcrumb","itemListElement":[{"@type":"ListItem","position":1,"name":"Accueil","item":"https:\/\/pba.mmsh.fr\/"},{"@type":"ListItem","position":2,"name":"Contact"}]},{"@type":"WebSite","@id":"https:\/\/pba.mmsh.fr\/#website","url":"https:\/\/pba.mmsh.fr\/","name":"P\u00f4le Biblioth\u00e8ques et Archives de la MMSH","description":"Biblioth\u00e8ques et Archives \u00e0 la Maison m\u00e9diterran\u00e9enne des sciences de l\u2019homme","publisher":{"@id":"https:\/\/pba.mmsh.fr\/#organization"},"potentialAction":[{"@type":"SearchAction","target":{"@type":"EntryPoint","urlTemplate":"https:\/\/pba.mmsh.fr\/?s={search_term_string}"},"query-input":{"@type":"PropertyValueSpecification","valueRequired":true,"valueName":"search_term_string"}}],"inLanguage":"fr-FR"},{"@type":"Organization","@id":"https:\/\/pba.mmsh.fr\/#organization","name":"P\u00f4le Biblioth\u00e8ques et Archives de la MMSH","url":"https:\/\/pba.mmsh.fr\/","logo":{"@type":"ImageObject","inLanguage":"fr-FR","@id":"https:\/\/pba.mmsh.fr\/#\/schema\/logo\/image\/","url":"https:\/\/pba.mmsh.fr\/wp-content\/uploads\/2026\/01\/cropped-cropped-LOGO-UAR-MMSHS-coul.png","contentUrl":"https:\/\/pba.mmsh.fr\/wp-content\/uploads\/2026\/01\/cropped-cropped-LOGO-UAR-MMSHS-coul.png","width":1161,"height":303,"caption":"P\u00f4le Biblioth\u00e8ques et Archives de la MMSH"},"image":{"@id":"https:\/\/pba.mmsh.fr\/#\/schema\/logo\/image\/"}}]}},"_links":{"self":[{"href":"https:\/\/pba.mmsh.fr\/index.php?rest_route=\/wp\/v2\/pages\/10","targetHints":{"allow":["GET"]}}],"collection":[{"href":"https:\/\/pba.mmsh.fr\/index.php?rest_route=\/wp\/v2\/pages"}],"about":[{"href":"https:\/\/pba.mmsh.fr\/index.php?rest_route=\/wp\/v2\/types\/page"}],"author":[{"embeddable":true,"href":"https:\/\/pba.mmsh.fr\/index.php?rest_route=\/wp\/v2\/users\/8"}],"replies":[{"embeddable":true,"href":"https:\/\/pba.mmsh.fr\/index.php?rest_route=%2Fwp%2Fv2%2Fcomments&post=10"}],"version-history":[{"count":21,"href":"https:\/\/pba.mmsh.fr\/index.php?rest_route=\/wp\/v2\/pages\/10\/revisions"}],"predecessor-version":[{"id":15927,"href":"https:\/\/pba.mmsh.fr\/index.php?rest_route=\/wp\/v2\/pages\/10\/revisions\/15927"}],"wp:attachment":[{"href":"https:\/\/pba.mmsh.fr\/index.php?rest_route=%2Fwp%2Fv2%2Fmedia&parent=10"}],"curies":[{"name":"wp","href":"https:\/\/api.w.org\/{rel}","templated":true}]}}