{"id":3104,"date":"2024-07-24T12:54:26","date_gmt":"2024-07-24T10:54:26","guid":{"rendered":"https:\/\/pba.mmsh.fr\/?page_id=3104"},"modified":"2025-02-17T15:12:02","modified_gmt":"2025-02-17T14:12:02","slug":"links","status":"publish","type":"page","link":"https:\/\/pba.mmsh.fr\/?page_id=3104","title":{"rendered":"Les liens de la M\u00e9diath\u00e8que"},"content":{"rendered":"\n<div class=\"wp-block-group alignfull\" style=\"padding-top:0;padding-bottom:0\"><div class=\"wp-block-group__inner-container is-layout-constrained wp-block-group-is-layout-constrained\"><div class=\"wp-block-image is-style-rounded\"><div class='__iawmlf-post-loop-links' style='display:none;' data-iawmlf-post-links='[{&quot;id&quot;:126,&quot;href&quot;:&quot;https:\\\/\\\/calames.abes.fr\\\/pub\\\/mmsh.aspx&quot;,&quot;archived_href&quot;:&quot;https:\\\/\\\/web-wp.archive.org\\\/web\\\/20260416174921\\\/https:\\\/\\\/calames.abes.fr\\\/pub\\\/mmsh.aspx&quot;,&quot;redirect_href&quot;:&quot;&quot;,&quot;checks&quot;:[{&quot;date&quot;:&quot;2026-04-18 08:51:18&quot;,&quot;http_code&quot;:200},{&quot;date&quot;:&quot;2026-04-21 09:29:30&quot;,&quot;http_code&quot;:200},{&quot;date&quot;:&quot;2026-04-26 09:12:52&quot;,&quot;http_code&quot;:200},{&quot;date&quot;:&quot;2026-04-29 12:08:31&quot;,&quot;http_code&quot;:200},{&quot;date&quot;:&quot;2026-05-04 07:10:24&quot;,&quot;http_code&quot;:200},{&quot;date&quot;:&quot;2026-05-07 08:58:12&quot;,&quot;http_code&quot;:200},{&quot;date&quot;:&quot;2026-05-10 16:57:42&quot;,&quot;http_code&quot;:200}],&quot;broken&quot;:false,&quot;last_checked&quot;:{&quot;date&quot;:&quot;2026-05-10 16:57:42&quot;,&quot;http_code&quot;:200},&quot;process&quot;:&quot;done&quot;},{&quot;id&quot;:127,&quot;href&quot;:&quot;https:\\\/\\\/catalogue.univ-amu.fr&quot;,&quot;archived_href&quot;:&quot;https:\\\/\\\/web-wp.archive.org\\\/web\\\/20260312061247\\\/https:\\\/\\\/catalogue.univ-amu.fr\\\/&quot;,&quot;redirect_href&quot;:&quot;&quot;,&quot;checks&quot;:[{&quot;date&quot;:&quot;2026-04-16 16:35:26&quot;,&quot;http_code&quot;:200},{&quot;date&quot;:&quot;2026-04-19 18:35:12&quot;,&quot;http_code&quot;:200},{&quot;date&quot;:&quot;2026-04-26 09:12:55&quot;,&quot;http_code&quot;:200},{&quot;date&quot;:&quot;2026-04-29 12:08:35&quot;,&quot;http_code&quot;:200},{&quot;date&quot;:&quot;2026-05-04 07:10:26&quot;,&quot;http_code&quot;:200},{&quot;date&quot;:&quot;2026-05-07 08:58:15&quot;,&quot;http_code&quot;:200},{&quot;date&quot;:&quot;2026-05-10 16:57:45&quot;,&quot;http_code&quot;:200}],&quot;broken&quot;:false,&quot;last_checked&quot;:{&quot;date&quot;:&quot;2026-05-10 16:57:45&quot;,&quot;http_code&quot;:200},&quot;process&quot;:&quot;done&quot;},{&quot;id&quot;:128,&quot;href&quot;:&quot;https:\\\/\\\/media.hal.science\\\/MMSHIMAGES&quot;,&quot;archived_href&quot;:&quot;https:\\\/\\\/web-wp.archive.org\\\/web\\\/20260416194100\\\/https:\\\/\\\/media.hal.science\\\/MMSHIMAGES&quot;,&quot;redirect_href&quot;:&quot;&quot;,&quot;checks&quot;:[{&quot;date&quot;:&quot;2026-04-18 08:51:18&quot;,&quot;http_code&quot;:200},{&quot;date&quot;:&quot;2026-04-21 09:29:36&quot;,&quot;http_code&quot;:200},{&quot;date&quot;:&quot;2026-04-25 16:21:08&quot;,&quot;http_code&quot;:200},{&quot;date&quot;:&quot;2026-04-28 17:48:18&quot;,&quot;http_code&quot;:200},{&quot;date&quot;:&quot;2026-05-04 07:10:31&quot;,&quot;http_code&quot;:200},{&quot;date&quot;:&quot;2026-05-07 08:58:14&quot;,&quot;http_code&quot;:200},{&quot;date&quot;:&quot;2026-05-10 11:16:00&quot;,&quot;http_code&quot;:200}],&quot;broken&quot;:false,&quot;last_checked&quot;:{&quot;date&quot;:&quot;2026-05-10 11:16:00&quot;,&quot;http_code&quot;:200},&quot;process&quot;:&quot;done&quot;},{&quot;id&quot;:19,&quot;href&quot;:&quot;https:\\\/\\\/mediatec.hypotheses.org\\\/contacts&quot;,&quot;archived_href&quot;:&quot;&quot;,&quot;redirect_href&quot;:&quot;&quot;,&quot;checks&quot;:[],&quot;broken&quot;:false,&quot;last_checked&quot;:null,&quot;process&quot;:&quot;done&quot;}]'><\/div>\n<figure class=\"aligncenter size-large is-resized\"><img loading=\"lazy\" decoding=\"async\" width=\"1024\" height=\"768\" src=\"https:\/\/pba.mmsh.fr\/wp-content\/uploads\/2024\/07\/patio-mmsh-1024x768.jpg\" alt=\"\" class=\"wp-image-3151\" style=\"width:248px;height:auto\" srcset=\"https:\/\/pba.mmsh.fr\/wp-content\/uploads\/2024\/07\/patio-mmsh-1024x768.jpg 1024w, https:\/\/pba.mmsh.fr\/wp-content\/uploads\/2024\/07\/patio-mmsh-300x225.jpg 300w, https:\/\/pba.mmsh.fr\/wp-content\/uploads\/2024\/07\/patio-mmsh-768x576.jpg 768w, https:\/\/pba.mmsh.fr\/wp-content\/uploads\/2024\/07\/patio-mmsh-1536x1152.jpg 1536w, https:\/\/pba.mmsh.fr\/wp-content\/uploads\/2024\/07\/patio-mmsh-2048x1536.jpg 2048w, https:\/\/pba.mmsh.fr\/wp-content\/uploads\/2024\/07\/patio-mmsh-1568x1176.jpg 1568w\" sizes=\"auto, (max-width: 1024px) 100vw, 1024px\" \/><\/figure>\n<\/div>\n\n\n<div class=\"wp-block-buttons is-content-justification-center is-layout-flex wp-container-core-buttons-is-layout-16018d1d wp-block-buttons-is-layout-flex\">\n<div class=\"wp-block-button has-custom-width wp-block-button__width-50\"><a class=\"wp-block-button__link wp-element-button\" href=\"https:\/\/calames.abes.fr\/pub\/mmsh.aspx\">Archives<\/a><\/div>\n<\/div>\n\n\n\n<div class=\"wp-block-buttons is-content-justification-center is-layout-flex wp-container-core-buttons-is-layout-16018d1d wp-block-buttons-is-layout-flex\">\n<div class=\"wp-block-button has-custom-width wp-block-button__width-50 is-style-fill\"><a class=\"wp-block-button__link wp-element-button\" href=\"https:\/\/catalogue.univ-amu.fr\">Biblioth\u00e8que<\/a><\/div>\n<\/div>\n\n\n\n<div class=\"wp-block-group\"><div class=\"wp-block-group__inner-container is-layout-constrained wp-block-group-is-layout-constrained\">\n<div class=\"wp-block-buttons is-content-justification-center is-layout-flex wp-container-core-buttons-is-layout-16018d1d wp-block-buttons-is-layout-flex\">\n<div class=\"wp-block-button has-custom-width wp-block-button__width-50\"><a class=\"wp-block-button__link wp-element-button\" href=\"https:\/\/media.hal.science\/MMSHIMAGES\/\">Photographies<\/a><\/div>\n<\/div>\n\n\n\n<div class=\"wp-block-buttons is-content-justification-center is-layout-flex wp-container-core-buttons-is-layout-16018d1d wp-block-buttons-is-layout-flex\">\n<div class=\"wp-block-button has-custom-width wp-block-button__width-50\"><a class=\"wp-block-button__link wp-element-button\" href=\"https:\/\/mediatec.hypotheses.org\/contacts\">Nous rendre visite<\/a><\/div>\n<\/div>\n<\/div><\/div>\n<\/div><\/div>\n\n\n\n<p><\/p>\n","protected":false},"excerpt":{"rendered":"","protected":false},"author":8,"featured_media":0,"parent":0,"menu_order":0,"comment_status":"closed","ping_status":"closed","template":"","meta":{"footnotes":""},"class_list":["post-3104","page","type-page","status-publish","hentry","entry"],"yoast_head":"<!-- This site is optimized with the Yoast SEO plugin v27.5 - https:\/\/yoast.com\/product\/yoast-seo-wordpress\/ -->\n<title>Les liens de la M\u00e9diath\u00e8que - P\u00f4le Biblioth\u00e8ques et Archives de la MMSH<\/title>\n<meta name=\"robots\" content=\"index, follow, max-snippet:-1, max-image-preview:large, max-video-preview:-1\" \/>\n<link rel=\"canonical\" href=\"https:\/\/pba.mmsh.fr\/?page_id=3104\" \/>\n<meta property=\"og:locale\" content=\"fr_FR\" \/>\n<meta property=\"og:type\" content=\"article\" \/>\n<meta property=\"og:title\" content=\"Les liens de la M\u00e9diath\u00e8que - P\u00f4le Biblioth\u00e8ques et Archives de la MMSH\" \/>\n<meta property=\"og:url\" content=\"https:\/\/pba.mmsh.fr\/?page_id=3104\" \/>\n<meta property=\"og:site_name\" content=\"P\u00f4le Biblioth\u00e8ques et Archives de la MMSH\" \/>\n<meta property=\"article:modified_time\" content=\"2025-02-17T14:12:02+00:00\" \/>\n<meta property=\"og:image\" content=\"https:\/\/pba.mmsh.fr\/wp-content\/uploads\/2024\/07\/patio-mmsh.jpg\" \/>\n\t<meta property=\"og:image:width\" content=\"2080\" \/>\n\t<meta property=\"og:image:height\" content=\"1560\" \/>\n\t<meta property=\"og:image:type\" content=\"image\/jpeg\" \/>\n<meta name=\"twitter:card\" content=\"summary_large_image\" \/>\n<meta name=\"twitter:label1\" content=\"Dur\u00e9e de lecture estim\u00e9e\" \/>\n\t<meta name=\"twitter:data1\" content=\"1 minute\" \/>\n<script type=\"application\/ld+json\" class=\"yoast-schema-graph\">{\"@context\":\"https:\\\/\\\/schema.org\",\"@graph\":[{\"@type\":\"WebPage\",\"@id\":\"https:\\\/\\\/pba.mmsh.fr\\\/?page_id=3104\",\"url\":\"https:\\\/\\\/pba.mmsh.fr\\\/?page_id=3104\",\"name\":\"Les liens de la M\u00e9diath\u00e8que - P\u00f4le Biblioth\u00e8ques et Archives de la MMSH\",\"isPartOf\":{\"@id\":\"https:\\\/\\\/pba.mmsh.fr\\\/#website\"},\"primaryImageOfPage\":{\"@id\":\"https:\\\/\\\/pba.mmsh.fr\\\/?page_id=3104#primaryimage\"},\"image\":{\"@id\":\"https:\\\/\\\/pba.mmsh.fr\\\/?page_id=3104#primaryimage\"},\"thumbnailUrl\":\"https:\\\/\\\/pba.mmsh.fr\\\/wp-content\\\/uploads\\\/2024\\\/07\\\/patio-mmsh-1024x768.jpg\",\"datePublished\":\"2024-07-24T10:54:26+00:00\",\"dateModified\":\"2025-02-17T14:12:02+00:00\",\"breadcrumb\":{\"@id\":\"https:\\\/\\\/pba.mmsh.fr\\\/?page_id=3104#breadcrumb\"},\"inLanguage\":\"fr-FR\",\"potentialAction\":[{\"@type\":\"ReadAction\",\"target\":[\"https:\\\/\\\/pba.mmsh.fr\\\/?page_id=3104\"]}]},{\"@type\":\"ImageObject\",\"inLanguage\":\"fr-FR\",\"@id\":\"https:\\\/\\\/pba.mmsh.fr\\\/?page_id=3104#primaryimage\",\"url\":\"https:\\\/\\\/pba.mmsh.fr\\\/wp-content\\\/uploads\\\/2024\\\/07\\\/patio-mmsh.jpg\",\"contentUrl\":\"https:\\\/\\\/pba.mmsh.fr\\\/wp-content\\\/uploads\\\/2024\\\/07\\\/patio-mmsh.jpg\",\"width\":2080,\"height\":1560},{\"@type\":\"BreadcrumbList\",\"@id\":\"https:\\\/\\\/pba.mmsh.fr\\\/?page_id=3104#breadcrumb\",\"itemListElement\":[{\"@type\":\"ListItem\",\"position\":1,\"name\":\"Accueil\",\"item\":\"https:\\\/\\\/pba.mmsh.fr\\\/\"},{\"@type\":\"ListItem\",\"position\":2,\"name\":\"Les liens de la M\u00e9diath\u00e8que\"}]},{\"@type\":\"WebSite\",\"@id\":\"https:\\\/\\\/pba.mmsh.fr\\\/#website\",\"url\":\"https:\\\/\\\/pba.mmsh.fr\\\/\",\"name\":\"P\u00f4le Biblioth\u00e8ques et Archives de la MMSH\",\"description\":\"Biblioth\u00e8ques et Archives \u00e0 la Maison m\u00e9diterran\u00e9enne des sciences de l\u2019homme\",\"publisher\":{\"@id\":\"https:\\\/\\\/pba.mmsh.fr\\\/#organization\"},\"potentialAction\":[{\"@type\":\"SearchAction\",\"target\":{\"@type\":\"EntryPoint\",\"urlTemplate\":\"https:\\\/\\\/pba.mmsh.fr\\\/?s={search_term_string}\"},\"query-input\":{\"@type\":\"PropertyValueSpecification\",\"valueRequired\":true,\"valueName\":\"search_term_string\"}}],\"inLanguage\":\"fr-FR\"},{\"@type\":\"Organization\",\"@id\":\"https:\\\/\\\/pba.mmsh.fr\\\/#organization\",\"name\":\"P\u00f4le Biblioth\u00e8ques et Archives de la MMSH\",\"url\":\"https:\\\/\\\/pba.mmsh.fr\\\/\",\"logo\":{\"@type\":\"ImageObject\",\"inLanguage\":\"fr-FR\",\"@id\":\"https:\\\/\\\/pba.mmsh.fr\\\/#\\\/schema\\\/logo\\\/image\\\/\",\"url\":\"https:\\\/\\\/pba.mmsh.fr\\\/wp-content\\\/uploads\\\/2026\\\/01\\\/cropped-cropped-LOGO-UAR-MMSHS-coul.png\",\"contentUrl\":\"https:\\\/\\\/pba.mmsh.fr\\\/wp-content\\\/uploads\\\/2026\\\/01\\\/cropped-cropped-LOGO-UAR-MMSHS-coul.png\",\"width\":1161,\"height\":303,\"caption\":\"P\u00f4le Biblioth\u00e8ques et Archives de la MMSH\"},\"image\":{\"@id\":\"https:\\\/\\\/pba.mmsh.fr\\\/#\\\/schema\\\/logo\\\/image\\\/\"}}]}<\/script>\n<!-- \/ Yoast SEO plugin. -->","yoast_head_json":{"title":"Les liens de la M\u00e9diath\u00e8que - P\u00f4le Biblioth\u00e8ques et Archives de la MMSH","robots":{"index":"index","follow":"follow","max-snippet":"max-snippet:-1","max-image-preview":"max-image-preview:large","max-video-preview":"max-video-preview:-1"},"canonical":"https:\/\/pba.mmsh.fr\/?page_id=3104","og_locale":"fr_FR","og_type":"article","og_title":"Les liens de la M\u00e9diath\u00e8que - P\u00f4le Biblioth\u00e8ques et Archives de la MMSH","og_url":"https:\/\/pba.mmsh.fr\/?page_id=3104","og_site_name":"P\u00f4le Biblioth\u00e8ques et Archives de la MMSH","article_modified_time":"2025-02-17T14:12:02+00:00","og_image":[{"width":2080,"height":1560,"url":"https:\/\/pba.mmsh.fr\/wp-content\/uploads\/2024\/07\/patio-mmsh.jpg","type":"image\/jpeg"}],"twitter_card":"summary_large_image","twitter_misc":{"Dur\u00e9e de lecture estim\u00e9e":"1 minute"},"schema":{"@context":"https:\/\/schema.org","@graph":[{"@type":"WebPage","@id":"https:\/\/pba.mmsh.fr\/?page_id=3104","url":"https:\/\/pba.mmsh.fr\/?page_id=3104","name":"Les liens de la M\u00e9diath\u00e8que - P\u00f4le Biblioth\u00e8ques et Archives de la MMSH","isPartOf":{"@id":"https:\/\/pba.mmsh.fr\/#website"},"primaryImageOfPage":{"@id":"https:\/\/pba.mmsh.fr\/?page_id=3104#primaryimage"},"image":{"@id":"https:\/\/pba.mmsh.fr\/?page_id=3104#primaryimage"},"thumbnailUrl":"https:\/\/pba.mmsh.fr\/wp-content\/uploads\/2024\/07\/patio-mmsh-1024x768.jpg","datePublished":"2024-07-24T10:54:26+00:00","dateModified":"2025-02-17T14:12:02+00:00","breadcrumb":{"@id":"https:\/\/pba.mmsh.fr\/?page_id=3104#breadcrumb"},"inLanguage":"fr-FR","potentialAction":[{"@type":"ReadAction","target":["https:\/\/pba.mmsh.fr\/?page_id=3104"]}]},{"@type":"ImageObject","inLanguage":"fr-FR","@id":"https:\/\/pba.mmsh.fr\/?page_id=3104#primaryimage","url":"https:\/\/pba.mmsh.fr\/wp-content\/uploads\/2024\/07\/patio-mmsh.jpg","contentUrl":"https:\/\/pba.mmsh.fr\/wp-content\/uploads\/2024\/07\/patio-mmsh.jpg","width":2080,"height":1560},{"@type":"BreadcrumbList","@id":"https:\/\/pba.mmsh.fr\/?page_id=3104#breadcrumb","itemListElement":[{"@type":"ListItem","position":1,"name":"Accueil","item":"https:\/\/pba.mmsh.fr\/"},{"@type":"ListItem","position":2,"name":"Les liens de la M\u00e9diath\u00e8que"}]},{"@type":"WebSite","@id":"https:\/\/pba.mmsh.fr\/#website","url":"https:\/\/pba.mmsh.fr\/","name":"P\u00f4le Biblioth\u00e8ques et Archives de la MMSH","description":"Biblioth\u00e8ques et Archives \u00e0 la Maison m\u00e9diterran\u00e9enne des sciences de l\u2019homme","publisher":{"@id":"https:\/\/pba.mmsh.fr\/#organization"},"potentialAction":[{"@type":"SearchAction","target":{"@type":"EntryPoint","urlTemplate":"https:\/\/pba.mmsh.fr\/?s={search_term_string}"},"query-input":{"@type":"PropertyValueSpecification","valueRequired":true,"valueName":"search_term_string"}}],"inLanguage":"fr-FR"},{"@type":"Organization","@id":"https:\/\/pba.mmsh.fr\/#organization","name":"P\u00f4le Biblioth\u00e8ques et Archives de la MMSH","url":"https:\/\/pba.mmsh.fr\/","logo":{"@type":"ImageObject","inLanguage":"fr-FR","@id":"https:\/\/pba.mmsh.fr\/#\/schema\/logo\/image\/","url":"https:\/\/pba.mmsh.fr\/wp-content\/uploads\/2026\/01\/cropped-cropped-LOGO-UAR-MMSHS-coul.png","contentUrl":"https:\/\/pba.mmsh.fr\/wp-content\/uploads\/2026\/01\/cropped-cropped-LOGO-UAR-MMSHS-coul.png","width":1161,"height":303,"caption":"P\u00f4le Biblioth\u00e8ques et Archives de la MMSH"},"image":{"@id":"https:\/\/pba.mmsh.fr\/#\/schema\/logo\/image\/"}}]}},"_links":{"self":[{"href":"https:\/\/pba.mmsh.fr\/index.php?rest_route=\/wp\/v2\/pages\/3104","targetHints":{"allow":["GET"]}}],"collection":[{"href":"https:\/\/pba.mmsh.fr\/index.php?rest_route=\/wp\/v2\/pages"}],"about":[{"href":"https:\/\/pba.mmsh.fr\/index.php?rest_route=\/wp\/v2\/types\/page"}],"author":[{"embeddable":true,"href":"https:\/\/pba.mmsh.fr\/index.php?rest_route=\/wp\/v2\/users\/8"}],"replies":[{"embeddable":true,"href":"https:\/\/pba.mmsh.fr\/index.php?rest_route=%2Fwp%2Fv2%2Fcomments&post=3104"}],"version-history":[{"count":8,"href":"https:\/\/pba.mmsh.fr\/index.php?rest_route=\/wp\/v2\/pages\/3104\/revisions"}],"predecessor-version":[{"id":18166,"href":"https:\/\/pba.mmsh.fr\/index.php?rest_route=\/wp\/v2\/pages\/3104\/revisions\/18166"}],"wp:attachment":[{"href":"https:\/\/pba.mmsh.fr\/index.php?rest_route=%2Fwp%2Fv2%2Fmedia&parent=3104"}],"curies":[{"name":"wp","href":"https:\/\/api.w.org\/{rel}","templated":true}]}}