{"id":353,"date":"2022-10-04T15:11:04","date_gmt":"2022-10-04T13:11:04","guid":{"rendered":"https:\/\/pba.mmsh.fr\/?page_id=353"},"modified":"2025-03-25T14:05:57","modified_gmt":"2025-03-25T13:05:57","slug":"les-carnets-de-la-mmshe","status":"publish","type":"page","link":"https:\/\/pba.mmsh.fr\/?page_id=353","title":{"rendered":"Les carnets de la MMSH"},"content":{"rendered":"\n<p>En direct du portail des carnets de recherche de la&nbsp;<a href=\"https:\/\/mmsh.hypotheses.org\/\">MMSH<\/a>.<\/p>\n\n\n<ul class=\"has-dates has-authors has-excerpts wp-block-rss\"><li class='wp-block-rss__item'><div class='wp-block-rss__item-title'><a href='https:\/\/aixopera.hypotheses.org\/1169'>Atelier d\u2019exp\u00e9rimentation AixOpera #2<\/a><\/div><time datetime=\"2026-04-10T15:24:04+02:00\" class=\"wp-block-rss__item-publish-date\">10 avril 2026<\/time> <span class=\"wp-block-rss__item-author\">par Jonathan Parisi<\/span><div class=\"wp-block-rss__item-excerpt\">Mercredi 15 avril 2026, Jonathan Parisi (Universit\u00e9 Aix Marseille, TELEMMe) et Delphine Cavallo (Universit\u00e9 Aix Marseille, TELEMMe) invitent des chercheur.e.s et dramaturges \u00e0 tester le prototype de la plateforme documentaire d&#039;AixOpera.<\/div><\/li><li class='wp-block-rss__item'><div class='wp-block-rss__item-title'><a href='https:\/\/ecrituresmig.hypotheses.org\/1007'>\u00ab RESTITUER DES RECHERCHES EMBARQUEES AUX FRONTIERES DE L\u2019EUROPE \u00bb : MARDI 28 AVRIL 2026_EN LIGNE<\/a><\/div><time datetime=\"2026-04-10T11:46:58+02:00\" class=\"wp-block-rss__item-publish-date\">10 avril 2026<\/time> <span class=\"wp-block-rss__item-author\">par emelinezougbede<\/span><div class=\"wp-block-rss__item-excerpt\">Cette quatri\u00e8me s\u00e9ance \u00ab Restituer des recherches embarqu\u00e9es aux fronti\u00e8res de l\u2019Europe \u00bb est organis\u00e9e en co-labellisation avec le s\u00e9minaire MiMed. Nous aurons le plaisir d\u2019accueillir : Arnaud Banos\u00a0(CNRS, IDEES) Camille Martel\u00a0(CNRS, IDEE&#8230;<\/div><\/li><li class='wp-block-rss__item'><div class='wp-block-rss__item-title'><a href='https:\/\/ecrituresmig.hypotheses.org\/997'>\u00ab FILMER LA SANTE : LE PROJET OSFOSAM \u00bb : MERCREDI 08 AVRIL 2026_EN LIGNE<\/a><\/div><time datetime=\"2026-04-10T09:31:09+02:00\" class=\"wp-block-rss__item-publish-date\">10 avril 2026<\/time> <span class=\"wp-block-rss__item-author\">par emelinezougbede<\/span><div class=\"wp-block-rss__item-excerpt\">La s\u00e9ance \u00ab Filmer la sant\u00e9 : le projet Osfosam \u00bb est consacr\u00e9e \u00e0 une recherche collaborative et participative sur la sant\u00e9 des personnes migrantes. Trois intervenantes viendront pr\u00e9senter le projet : Anne-C\u00e9cile Hoyez (CNRS, ESO) Ana\u00efk Pian (U. Strasb&#8230;<\/div><\/li><li class='wp-block-rss__item'><div class='wp-block-rss__item-title'><a href='https:\/\/ecrituresmig.hypotheses.org\/983'>\u00ab JOUER POUR DEJOUER LES PREJUGEES \u00bb : JEUDI 19 MARS 2026_VIELLE CHARITE (MARSEILLE)<\/a><\/div><time datetime=\"2026-04-10T09:26:56+02:00\" class=\"wp-block-rss__item-publish-date\">10 avril 2026<\/time> <span class=\"wp-block-rss__item-author\">par emelinezougbede<\/span><div class=\"wp-block-rss__item-excerpt\">Dans cette s\u00e9ance \u00ab Jouer pour d\u00e9jouer les pr\u00e9jug\u00e9s \u00bb, nous nous int\u00e9ressons aux jeux produits dans le cadre de recherche, autour d\u2019une pr\u00e9sentation des jeux : \u00a0\u00ab Jeu suis migrant\u00b7e \u00bb par : Giulia Breda (URMIS, UniCA) &amp; Arihana Villami (EHESS&#8230;<\/div><\/li><li class='wp-block-rss__item'><div class='wp-block-rss__item-title'><a href='https:\/\/voyages.hypotheses.org\/2818'>Anselm Adornes<\/a><\/div><time datetime=\"2026-04-09T15:50:01+02:00\" class=\"wp-block-rss__item-publish-date\">9 avril 2026<\/time> <span class=\"wp-block-rss__item-author\">par Christine Gadrat-Ouerfelli<\/span><div class=\"wp-block-rss__item-excerpt\">Vient de para\u00eetre: Anselm Adornes Travel, Trade, Cultural Exchange, and Intellectual Networks in Scotland, Bruges, and Jerusalem \u00e9d. Bryony Coombs, Jill Harrison, Giovanna Guidicini,\u00a0Turnhout, Brepols, 2026. Pr\u00e9sentation: Anselm Adornes (1424\u20131483), me&#8230;<\/div><\/li><li class='wp-block-rss__item'><div class='wp-block-rss__item-title'><a href='https:\/\/ch.hypotheses.org\/16901'>Note historique sur l\u2019oxyton\u00e8se<\/a><\/div><time datetime=\"2026-04-09T11:56:28+02:00\" class=\"wp-block-rss__item-publish-date\">9 avril 2026<\/time> <span class=\"wp-block-rss__item-author\">par Laurent Calvi\u00e9<\/span><div class=\"wp-block-rss__item-excerpt\">\u25ba \u1f41 \u03bb\u03cd\u03c7\u03bd\u03bf\u03c2 n\u00b0 173, mars 2026. \u00c0 la m\u00e9moire de Jean-Victor Vernhes (1937-2025) Les grammaires, les trait\u00e9s et les manuels d\u2019accentuation grecque des deux derniers si\u00e8cles ne s\u2019accordent gu\u00e8re sur les conditions exactes&#8230;<\/div><\/li><li class='wp-block-rss__item'><div class='wp-block-rss__item-title'><a href='https:\/\/ace.hypotheses.org\/1686'>The First Cycle of ACE Dialogues: Going Back to Go Forward Is Now Complete<\/a><\/div><time datetime=\"2026-04-08T21:08:06+02:00\" class=\"wp-block-rss__item-publish-date\">8 avril 2026<\/time> <span class=\"wp-block-rss__item-author\">par Thales Speroni<\/span><div class=\"wp-block-rss__item-excerpt\">Over the past months, the ACE Dialogues series brought together scholars from across the globe to explore one of the most compelling and underexamined phenomena in contemporary migration studies: ancestral citizenship. From colonial histories to wartim&#8230;<\/div><\/li><\/ul>","protected":false},"excerpt":{"rendered":"<p>En direct du portail des carnets de recherche de la&nbsp;MMSH.<\/p>\n","protected":false},"author":8,"featured_media":0,"parent":0,"menu_order":0,"comment_status":"closed","ping_status":"closed","template":"","meta":{"footnotes":""},"class_list":["post-353","page","type-page","status-publish","hentry","entry"],"yoast_head":"<!-- This site is optimized with the Yoast SEO plugin v27.2 - https:\/\/yoast.com\/product\/yoast-seo-wordpress\/ -->\n<title>Les carnets de la MMSH - P\u00f4le Biblioth\u00e8ques et Archives de la MMSH<\/title>\n<meta name=\"robots\" content=\"index, follow, max-snippet:-1, max-image-preview:large, max-video-preview:-1\" \/>\n<link rel=\"canonical\" href=\"https:\/\/pba.mmsh.fr\/?page_id=353\" \/>\n<meta property=\"og:locale\" content=\"fr_FR\" \/>\n<meta property=\"og:type\" content=\"article\" \/>\n<meta property=\"og:title\" content=\"Les carnets de la MMSH - P\u00f4le Biblioth\u00e8ques et Archives de la MMSH\" \/>\n<meta property=\"og:description\" content=\"En direct du portail des carnets de recherche de la&nbsp;MMSH.\" \/>\n<meta property=\"og:url\" content=\"https:\/\/pba.mmsh.fr\/?page_id=353\" \/>\n<meta property=\"og:site_name\" content=\"P\u00f4le Biblioth\u00e8ques et Archives de la MMSH\" \/>\n<meta property=\"article:modified_time\" content=\"2025-03-25T13:05:57+00:00\" \/>\n<meta property=\"og:image\" content=\"https:\/\/pba.mmsh.fr\/wp-content\/uploads\/2022\/04\/LOGO-MMSH-UAR-2022-2.png\" \/>\n\t<meta property=\"og:image:width\" content=\"1654\" \/>\n\t<meta property=\"og:image:height\" content=\"552\" \/>\n\t<meta property=\"og:image:type\" content=\"image\/png\" \/>\n<meta name=\"twitter:card\" content=\"summary_large_image\" \/>\n<meta name=\"twitter:label1\" content=\"Dur\u00e9e de lecture estim\u00e9e\" \/>\n\t<meta name=\"twitter:data1\" content=\"1 minute\" \/>\n<script type=\"application\/ld+json\" class=\"yoast-schema-graph\">{\"@context\":\"https:\/\/schema.org\",\"@graph\":[{\"@type\":\"WebPage\",\"@id\":\"https:\/\/pba.mmsh.fr\/?page_id=353\",\"url\":\"https:\/\/pba.mmsh.fr\/?page_id=353\",\"name\":\"Les carnets de la MMSH - P\u00f4le Biblioth\u00e8ques et Archives de la MMSH\",\"isPartOf\":{\"@id\":\"https:\/\/pba.mmsh.fr\/#website\"},\"datePublished\":\"2022-10-04T13:11:04+00:00\",\"dateModified\":\"2025-03-25T13:05:57+00:00\",\"breadcrumb\":{\"@id\":\"https:\/\/pba.mmsh.fr\/?page_id=353#breadcrumb\"},\"inLanguage\":\"fr-FR\",\"potentialAction\":[{\"@type\":\"ReadAction\",\"target\":[\"https:\/\/pba.mmsh.fr\/?page_id=353\"]}]},{\"@type\":\"BreadcrumbList\",\"@id\":\"https:\/\/pba.mmsh.fr\/?page_id=353#breadcrumb\",\"itemListElement\":[{\"@type\":\"ListItem\",\"position\":1,\"name\":\"Accueil\",\"item\":\"https:\/\/pba.mmsh.fr\/\"},{\"@type\":\"ListItem\",\"position\":2,\"name\":\"Les carnets de la MMSH\"}]},{\"@type\":\"WebSite\",\"@id\":\"https:\/\/pba.mmsh.fr\/#website\",\"url\":\"https:\/\/pba.mmsh.fr\/\",\"name\":\"P\u00f4le Biblioth\u00e8ques et Archives de la MMSH\",\"description\":\"Biblioth\u00e8ques et Archives \u00e0 la Maison m\u00e9diterran\u00e9enne des sciences de l\u2019homme\",\"publisher\":{\"@id\":\"https:\/\/pba.mmsh.fr\/#organization\"},\"potentialAction\":[{\"@type\":\"SearchAction\",\"target\":{\"@type\":\"EntryPoint\",\"urlTemplate\":\"https:\/\/pba.mmsh.fr\/?s={search_term_string}\"},\"query-input\":{\"@type\":\"PropertyValueSpecification\",\"valueRequired\":true,\"valueName\":\"search_term_string\"}}],\"inLanguage\":\"fr-FR\"},{\"@type\":\"Organization\",\"@id\":\"https:\/\/pba.mmsh.fr\/#organization\",\"name\":\"P\u00f4le Biblioth\u00e8ques et Archives de la MMSH\",\"url\":\"https:\/\/pba.mmsh.fr\/\",\"logo\":{\"@type\":\"ImageObject\",\"inLanguage\":\"fr-FR\",\"@id\":\"https:\/\/pba.mmsh.fr\/#\/schema\/logo\/image\/\",\"url\":\"https:\/\/pba.mmsh.fr\/wp-content\/uploads\/2026\/01\/cropped-cropped-LOGO-UAR-MMSHS-coul.png\",\"contentUrl\":\"https:\/\/pba.mmsh.fr\/wp-content\/uploads\/2026\/01\/cropped-cropped-LOGO-UAR-MMSHS-coul.png\",\"width\":1161,\"height\":303,\"caption\":\"P\u00f4le Biblioth\u00e8ques et Archives de la MMSH\"},\"image\":{\"@id\":\"https:\/\/pba.mmsh.fr\/#\/schema\/logo\/image\/\"}}]}<\/script>\n<!-- \/ Yoast SEO plugin. -->","yoast_head_json":{"title":"Les carnets de la MMSH - P\u00f4le Biblioth\u00e8ques et Archives de la MMSH","robots":{"index":"index","follow":"follow","max-snippet":"max-snippet:-1","max-image-preview":"max-image-preview:large","max-video-preview":"max-video-preview:-1"},"canonical":"https:\/\/pba.mmsh.fr\/?page_id=353","og_locale":"fr_FR","og_type":"article","og_title":"Les carnets de la MMSH - P\u00f4le Biblioth\u00e8ques et Archives de la MMSH","og_description":"En direct du portail des carnets de recherche de la&nbsp;MMSH.","og_url":"https:\/\/pba.mmsh.fr\/?page_id=353","og_site_name":"P\u00f4le Biblioth\u00e8ques et Archives de la MMSH","article_modified_time":"2025-03-25T13:05:57+00:00","og_image":[{"width":1654,"height":552,"url":"https:\/\/pba.mmsh.fr\/wp-content\/uploads\/2022\/04\/LOGO-MMSH-UAR-2022-2.png","type":"image\/png"}],"twitter_card":"summary_large_image","twitter_misc":{"Dur\u00e9e de lecture estim\u00e9e":"1 minute"},"schema":{"@context":"https:\/\/schema.org","@graph":[{"@type":"WebPage","@id":"https:\/\/pba.mmsh.fr\/?page_id=353","url":"https:\/\/pba.mmsh.fr\/?page_id=353","name":"Les carnets de la MMSH - P\u00f4le Biblioth\u00e8ques et Archives de la MMSH","isPartOf":{"@id":"https:\/\/pba.mmsh.fr\/#website"},"datePublished":"2022-10-04T13:11:04+00:00","dateModified":"2025-03-25T13:05:57+00:00","breadcrumb":{"@id":"https:\/\/pba.mmsh.fr\/?page_id=353#breadcrumb"},"inLanguage":"fr-FR","potentialAction":[{"@type":"ReadAction","target":["https:\/\/pba.mmsh.fr\/?page_id=353"]}]},{"@type":"BreadcrumbList","@id":"https:\/\/pba.mmsh.fr\/?page_id=353#breadcrumb","itemListElement":[{"@type":"ListItem","position":1,"name":"Accueil","item":"https:\/\/pba.mmsh.fr\/"},{"@type":"ListItem","position":2,"name":"Les carnets de la MMSH"}]},{"@type":"WebSite","@id":"https:\/\/pba.mmsh.fr\/#website","url":"https:\/\/pba.mmsh.fr\/","name":"P\u00f4le Biblioth\u00e8ques et Archives de la MMSH","description":"Biblioth\u00e8ques et Archives \u00e0 la Maison m\u00e9diterran\u00e9enne des sciences de l\u2019homme","publisher":{"@id":"https:\/\/pba.mmsh.fr\/#organization"},"potentialAction":[{"@type":"SearchAction","target":{"@type":"EntryPoint","urlTemplate":"https:\/\/pba.mmsh.fr\/?s={search_term_string}"},"query-input":{"@type":"PropertyValueSpecification","valueRequired":true,"valueName":"search_term_string"}}],"inLanguage":"fr-FR"},{"@type":"Organization","@id":"https:\/\/pba.mmsh.fr\/#organization","name":"P\u00f4le Biblioth\u00e8ques et Archives de la MMSH","url":"https:\/\/pba.mmsh.fr\/","logo":{"@type":"ImageObject","inLanguage":"fr-FR","@id":"https:\/\/pba.mmsh.fr\/#\/schema\/logo\/image\/","url":"https:\/\/pba.mmsh.fr\/wp-content\/uploads\/2026\/01\/cropped-cropped-LOGO-UAR-MMSHS-coul.png","contentUrl":"https:\/\/pba.mmsh.fr\/wp-content\/uploads\/2026\/01\/cropped-cropped-LOGO-UAR-MMSHS-coul.png","width":1161,"height":303,"caption":"P\u00f4le Biblioth\u00e8ques et Archives de la MMSH"},"image":{"@id":"https:\/\/pba.mmsh.fr\/#\/schema\/logo\/image\/"}}]}},"_links":{"self":[{"href":"https:\/\/pba.mmsh.fr\/index.php?rest_route=\/wp\/v2\/pages\/353","targetHints":{"allow":["GET"]}}],"collection":[{"href":"https:\/\/pba.mmsh.fr\/index.php?rest_route=\/wp\/v2\/pages"}],"about":[{"href":"https:\/\/pba.mmsh.fr\/index.php?rest_route=\/wp\/v2\/types\/page"}],"author":[{"embeddable":true,"href":"https:\/\/pba.mmsh.fr\/index.php?rest_route=\/wp\/v2\/users\/8"}],"replies":[{"embeddable":true,"href":"https:\/\/pba.mmsh.fr\/index.php?rest_route=%2Fwp%2Fv2%2Fcomments&post=353"}],"version-history":[{"count":5,"href":"https:\/\/pba.mmsh.fr\/index.php?rest_route=\/wp\/v2\/pages\/353\/revisions"}],"predecessor-version":[{"id":20039,"href":"https:\/\/pba.mmsh.fr\/index.php?rest_route=\/wp\/v2\/pages\/353\/revisions\/20039"}],"wp:attachment":[{"href":"https:\/\/pba.mmsh.fr\/index.php?rest_route=%2Fwp%2Fv2%2Fmedia&parent=353"}],"curies":[{"name":"wp","href":"https:\/\/api.w.org\/{rel}","templated":true}]}}