{"id":502,"date":"2022-12-13T22:30:38","date_gmt":"2022-12-13T21:30:38","guid":{"rendered":"https:\/\/pba.mmsh.fr\/?page_id=502"},"modified":"2025-09-19T10:20:57","modified_gmt":"2025-09-19T08:20:57","slug":"medihal","status":"publish","type":"page","link":"https:\/\/pba.mmsh.fr\/?page_id=502","title":{"rendered":"M\u00e9diHAL"},"content":{"rendered":"\n<h2 class=\"wp-block-heading\">Images de la recherche de la Maison m\u00e9diterran\u00e9enne des sciences de l\u2019homme<\/h2>\n\n\n\n<figure class=\"wp-block-image size-full\"><a href=\"https:\/\/media.hal.science\/MMSHIMAGES\/\"><img loading=\"lazy\" decoding=\"async\" width=\"639\" height=\"300\" src=\"https:\/\/pba.mmsh.fr\/wp-content\/uploads\/2022\/12\/medihal.logo_.fr_.png\" alt=\"MediHAL\" class=\"wp-image-504\" srcset=\"https:\/\/pba.mmsh.fr\/wp-content\/uploads\/2022\/12\/medihal.logo_.fr_.png 639w, https:\/\/pba.mmsh.fr\/wp-content\/uploads\/2022\/12\/medihal.logo_.fr_-300x141.png 300w\" sizes=\"auto, (max-width: 639px) 100vw, 639px\" \/><\/a><\/figure>\n\n\n<ul class=\"has-dates has-excerpts wp-block-rss\"><li class='wp-block-rss__item'><div class='wp-block-rss__item-title'><a href='https:\/\/media.hal.science\/hal-05591106v1'>[hal-05591106] Fonds Bonnenfant-Outrebon \u2013 Y\u00e9men \u2013 Tih\u0101ma &#8211; Al-Mun\u012bra : cour d&#039;une murabba\u02bfa envahie par des sables limoneux<\/a><\/div><time datetime=\"2026-04-14T13:52:30+02:00\" class=\"wp-block-rss__item-publish-date\">14 avril 2026<\/time> <div class=\"wp-block-rss__item-excerpt\">Nous retrouvons dans les anciennes murabba\u02bfa de la petite ville d&#039;al-Mun\u012bra les m\u00eames \u00e9l\u00e9ments d\u00e9coratifs qu&#039;\u00e0 Zab\u012bd : corniche, niches, frises horizontales et verticales de chaux sculpt\u00e9e. Zab\u012bd constitue l&#039;arch\u00e9type d&#039;un &quot;style de la Tih\u0101ma&quot; que l&#039;on retrouve, du sud au nord, \u00e0 \u1e24ays, Bayt al-Faq\u012bh, az-Zaydiyya et al-Mun\u012bra, et quelques autres localit\u00e9s.<\/div><\/li><li class='wp-block-rss__item'><div class='wp-block-rss__item-title'><a href='https:\/\/media.hal.science\/hal-05591072v1'>[hal-05591072] Fonds Bonnenfant-Outrebon \u2013 Y\u00e9men \u2013 Tih\u0101ma &#8211; Al-Mun\u012bra : partie gauche du mur de long pan d&#039;une murabba\u2018a<\/a><\/div><time datetime=\"2026-04-14T13:34:22+02:00\" class=\"wp-block-rss__item-publish-date\">14 avril 2026<\/time> <div class=\"wp-block-rss__item-excerpt\">Nous retrouvons dans les anciennes murabba\u02bfa de la petite ville d&#039;al-Mun\u012bra les m\u00eames \u00e9l\u00e9ments d\u00e9coratifs qu&#039;\u00e0 Zab\u012bd : corniche, niches, frises horizontales et verticales de chaux sculpt\u00e9e<\/div><\/li><li class='wp-block-rss__item'><div class='wp-block-rss__item-title'><a href='https:\/\/media.hal.science\/hal-05589014v1'>[hal-05589014] Fonds Bonnenfant-Outrebon \u2013 Y\u00e9men \u2013 Tih\u0101ma &#8211; W\u0101d\u012b Zab\u012bd &#8211; \u00c0 l&#039;arriv\u00e9e de l&#039;eau, deux ouvriers se h\u00e2tent de renforcer une lev\u00e9e de terre<\/a><\/div><time datetime=\"2026-04-12T21:49:32+02:00\" class=\"wp-block-rss__item-publish-date\">12 avril 2026<\/time> <div class=\"wp-block-rss__item-excerpt\">\u00c0 l&#039;arriv\u00e9e de l&#039;eau, l&#039;homme de gauche pousse la terre humide gr\u00e2ce au long manche d&#039;une sorte de racloir en m\u00e9tal. L&#039;ouvrier de gauche l&#039;aide en tirant le racloir \u00e0 l&#039;aide d&#039;une double corde accroch\u00e9e \u00e0 la lame du racloir<\/div><\/li><li class='wp-block-rss__item'><div class='wp-block-rss__item-title'><a href='https:\/\/media.hal.science\/hal-05589008v1'>[hal-05589008] Fonds Bonnenfant-Outrebon \u2013 Y\u00e9men \u2013 Tih\u0101ma &#8211; W\u0101d\u012b Zab\u012bd : carri\u00e8re de pierre \u00e0 proximit\u00e9 du mausol\u00e9e de Mu\u02bf\u0101dh ibn Jabal<\/a><\/div><time datetime=\"2026-04-12T21:24:40+02:00\" class=\"wp-block-rss__item-publish-date\">12 avril 2026<\/time> <div class=\"wp-block-rss__item-excerpt\">La photo est prise du haut de la carri\u00e8re. On apper\u00e7oit quatre ouvriers carriers pr\u00e9sents dans la partie gauche de la photo.<\/div><\/li><li class='wp-block-rss__item'><div class='wp-block-rss__item-title'><a href='https:\/\/media.hal.science\/hal-05589002v1'>[hal-05589002] Fonds Bonnenfant-Outrebon \u2013 Y\u00e9men \u2013 Tih\u0101ma &#8211; Village d&#039;ouvriers carriers \u00e0 proximit\u00e9 de la carri\u00e8re o\u00f9 ils travaillent<\/a><\/div><time datetime=\"2026-04-12T21:12:32+02:00\" class=\"wp-block-rss__item-publish-date\">12 avril 2026<\/time> <div class=\"wp-block-rss__item-excerpt\">Les maisons construites en pierre avec couverture en terrasse \u00e9taient nouvelles dans la Tih\u0101ma des ann\u00e9es 1400 AH\/ 1980. Les huttes de branchages \u00e9taient plus fr\u00e9quentes, comme les trois que l&#039;on voit sur la photo.<\/div><\/li><li class='wp-block-rss__item'><div class='wp-block-rss__item-title'><a href='https:\/\/media.hal.science\/hal-05588992v1'>[hal-05588992] Fonds Bonnenfant-Outrebon \u2013 Y\u00e9men \u2013 Tih\u0101ma &#8211; W\u0101d\u012b Zab\u012bd -Tour fortifi\u00e9e dans la campagne au sud-ouest de Zab\u012bd<\/a><\/div><time datetime=\"2026-04-12T20:54:51+02:00\" class=\"wp-block-rss__item-publish-date\">12 avril 2026<\/time> <div class=\"wp-block-rss__item-excerpt\">Les tours fortifi\u00e9es de ce type ne sont pas communes dans le w\u0101d\u012b Zab\u012bd. Les murs sont perc\u00e9s de meurtri\u00e8res. Une frise en dents d&#039;engrenage marque les niveaux. Le b\u00e2timent de gauche est peut-\u00eatre une mosqu\u00e9e. Dans ce cas, la petite coupole blanche surmonte probablement un puits destin\u00e9 aux ablutions.<\/div><\/li><li class='wp-block-rss__item'><div class='wp-block-rss__item-title'><a href='https:\/\/media.hal.science\/hal-05588986v1'>[hal-05588986] Fonds Bonnenfant-Outrebon \u2013 Y\u00e9men \u2013 Tih\u0101ma &#8211; Lev\u00e9e de terre &#8211; Deux hommes surveillent un troupeau de dromadaires qui cherchent dans un buisson de l&#039;ombre et de la nourriture<\/a><\/div><time datetime=\"2026-04-12T20:42:40+02:00\" class=\"wp-block-rss__item-publish-date\">12 avril 2026<\/time> <div class=\"wp-block-rss__item-excerpt\">Ces photographies sont issues des recherches de Paul Bonnenfant et de Guillemette Outrebon-Bonnenfant sur l&#039;habitat et les structures sociales dans la p\u00e9ninsule Arabique (Golfe, Arabie Saoudite, Sultanat d&#039;Oman, Y\u00e9men).<\/div><\/li><li class='wp-block-rss__item'><div class='wp-block-rss__item-title'><a href='https:\/\/media.hal.science\/hal-05588977v1'>[hal-05588977] Fonds Bonnenfant-Outrebon \u2013 Y\u00e9men \u2013 Tih\u0101ma &#8211; W\u0101d\u012b Zab\u012bd : restes d&#039;un village dont les autres habitations ont \u00e9t\u00e9 emport\u00e9es par une crue<\/a><\/div><time datetime=\"2026-04-12T20:25:56+02:00\" class=\"wp-block-rss__item-publish-date\">12 avril 2026<\/time> <div class=\"wp-block-rss__item-excerpt\">Les crues du w\u0101d\u012b\u00a0Zab\u012bd sont parfois violentes et soudaines et entrainent quelquefois un d\u00e9placement du lit principal qui peut menacer des habitations<\/div><\/li><li class='wp-block-rss__item'><div class='wp-block-rss__item-title'><a href='https:\/\/media.hal.science\/hal-05588812v1'>[hal-05588812] Fonds Bonnenfant-Outrebon \u2013 Y\u00e9men \u2013 Tih\u0101ma &#8211; W\u0101d\u012b Zab\u012bd : au sud-ouest de Zab\u012bd, d\u00e9versoir d&#039;une parcelle rev\u00eatu de qa\u1e0d\u0101\u1e0d<\/a><\/div><time datetime=\"2026-04-12T15:04:27+02:00\" class=\"wp-block-rss__item-publish-date\">12 avril 2026<\/time> <div class=\"wp-block-rss__item-excerpt\">Quand la hauteur de d\u00e9versement de l&#039;eau d&#039;une parcelle est trop forte, cela risque d&#039;engendrer une forte \u00e9rosion de la lev\u00e9e de terre qui retient l&#039;eau. Pour \u00e9viter ce dommage, il \u00e9tait parfois construit des d\u00e9versoirs rev\u00eatus de l&#039;enduit nomm\u00e9 qa\u1e0d\u0101\u1e0d, r\u00e9put\u00e9 pour son \u00e9tanch\u00e9iti\u00e9 et sa r\u00e9sistance \u00e0 l&#039;eau, comme celui de cette photo. La personne repr\u00e9sent\u00e9e sur ce [&hellip;]<\/div><\/li><li class='wp-block-rss__item'><div class='wp-block-rss__item-title'><a href='https:\/\/media.hal.science\/hal-05588763v1'>[hal-05588763] Fonds Bonnenfant-Outrebon \u2013 Y\u00e9men \u2013 Tih\u0101ma &#8211; W\u0101d\u012b Zab\u012bd : deux z\u00e9bus attel\u00e9s \u00e0 un racloir, ma\u1e25arr<\/a><\/div><time datetime=\"2026-04-12T14:16:16+02:00\" class=\"wp-block-rss__item-publish-date\">12 avril 2026<\/time> <div class=\"wp-block-rss__item-excerpt\">Ces photographies sont issues des recherches de Paul Bonnenfant et de Guillemette Outrebon-Bonnenfant sur l&#039;habitat et les structures sociales dans la p\u00e9ninsule Arabique (Golfe, Arabie Saoudite, Sultanat d&#039;Oman, Y\u00e9men).<\/div><\/li><li class='wp-block-rss__item'><div class='wp-block-rss__item-title'><a href='https:\/\/media.hal.science\/hal-05588232v1'>[hal-05588232] Fonds Bonnenfant-Outrebon \u2013 Y\u00e9men \u2013 Tih\u0101ma &#8211; Plantation de jeunes bananiers dans le w\u0101d\u012b Zab\u012bd et lev\u00e9es de terre<\/a><\/div><time datetime=\"2026-04-11T09:16:13+02:00\" class=\"wp-block-rss__item-publish-date\">11 avril 2026<\/time> <div class=\"wp-block-rss__item-excerpt\">La culture des bananiers a connu une forte augmentation dans les ann\u00e9es 1410 AH\/1990, suite \u00e0 la croissance des exportations vers l&#039;Arabie Saoudite<\/div><\/li><li class='wp-block-rss__item'><div class='wp-block-rss__item-title'><a href='https:\/\/media.hal.science\/hal-05588230v1'>[hal-05588230] Fonds Bonnenfant-Outrebon \u2013 Y\u00e9men \u2013 Tih\u0101ma &#8211; W\u0101d\u012b Zab\u012bd : cultivateurs demandant \u00e0 \u00eatre photographi\u00e9s apr\u00e8s le travail<\/a><\/div><time datetime=\"2026-04-11T09:05:25+02:00\" class=\"wp-block-rss__item-publish-date\">11 avril 2026<\/time> <div class=\"wp-block-rss__item-excerpt\">Le travail d&#039;irrigation par d\u00e9rivation demande beaucoup de main d&#039;\u0153uvre, compos\u00e9e \u00e0 la fois de travailleurs journaliers et de petits propri\u00e9taires dont les terres ne sont pas suffisantes pour nourrir leur famille<\/div><\/li><li class='wp-block-rss__item'><div class='wp-block-rss__item-title'><a href='https:\/\/media.hal.science\/hal-05588229v1'>[hal-05588229] Fonds Bonnenfant-Outrebon \u2013 Y\u00e9men \u2013 Tih\u0101ma &#8211; Dans le w\u0101d\u012b Zab\u012bd, \u00e0 l&#039;ombre d&#039;un arbre, troupeau de ch\u00e8vres et de brebis gard\u00e9es par une berg\u00e8re<\/a><\/div><time datetime=\"2026-04-11T08:52:11+02:00\" class=\"wp-block-rss__item-publish-date\">11 avril 2026<\/time> <div class=\"wp-block-rss__item-excerpt\">Le petit b\u00e9tail compos\u00e9 de ch\u00e8vres et de brebis porte le nom de ghanam. De nombreuses familles, m\u00eame pauvres, poss\u00e8dent quelques t\u00eates<\/div><\/li><li class='wp-block-rss__item'><div class='wp-block-rss__item-title'><a href='https:\/\/media.hal.science\/hal-05588228v1'>[hal-05588228] Fonds Bonnenfant-Outrebon \u2013 Y\u00e9men \u2013 Tih\u0101ma &#8211; W\u0101d\u012b Zab\u012bd : des femmes portent sur leur t\u00eate de grands couffins<\/a><\/div><time datetime=\"2026-04-11T08:40:08+02:00\" class=\"wp-block-rss__item-publish-date\">11 avril 2026<\/time> <div class=\"wp-block-rss__item-excerpt\">La vannerie est encore tr\u00e8s utilis\u00e9e dans les ann\u00e9es 1400 AH-1980. \u00c0 partir de folioles de palmes, les femmes fabriquent des cordelettes, des nattes, des chapeaux, des \u00e9ventails, des couffins de toutes tailles et bien d\u2019autres objets qui sont vendus notamment dans les souks hebdomadaires.<\/div><\/li><li class='wp-block-rss__item'><div class='wp-block-rss__item-title'><a href='https:\/\/media.hal.science\/hal-05588146v1'>[hal-05588146] Fonds Bonnenfant-Outrebon \u2013 Y\u00e9men \u2013 Tih\u0101ma &#8211; W\u0101d\u012b Zab\u012bd : avec l&#039;aide d&#039;une paire de z\u00e9bus, un agriculteur racle se sol pour cr\u00e9er une lev\u00e9e de terre<\/a><\/div><time datetime=\"2026-04-10T22:11:37+02:00\" class=\"wp-block-rss__item-publish-date\">10 avril 2026<\/time> <div class=\"wp-block-rss__item-excerpt\">Entre la montagne et la mer, c\u2019est-\u00e0-dire en traversant la Tih\u0101ma, le w\u0101d\u012b Zab\u012bd est coup\u00e9 par cinq barrages principaux en b\u00e9ton. Ils reprennent l\u2019usage ancien d\u2019\u00e9lever des digues en travers du lit pour d\u00e9tourner l\u2019eau vers des canaux qui desservent des parcelles agricoles \u00e0 irriguer. Chaque parcelle \u00e0 irriguer est limit\u00e9e par des lev\u00e9es de terre qu&#039;il faut entretenir [&hellip;]<\/div><\/li><li class='wp-block-rss__item'><div class='wp-block-rss__item-title'><a href='https:\/\/media.hal.science\/hal-05588045v1'>[hal-05588045] Fonds Andr\u00e9 Raymond (1925-2011) &#8211; Syrie &#8211; Alep &#8211; Deux coupoles et quatre minarets d&#039;une mosqu\u00e9e non identifi\u00e9e<\/a><\/div><time datetime=\"2026-04-10T19:43:55+02:00\" class=\"wp-block-rss__item-publish-date\">10 avril 2026<\/time> <div class=\"wp-block-rss__item-excerpt\">Sur l&#039;intercalaire avant la diapositive, Andr\u00e9 Raymond a indiqu\u00e9 &quot;Rustan P v. 1560 &quot;. L&#039;\u00e9criture sur le carton de la diapositive est illisible. Boite 15 du fonds photographique d&#039;Andr\u00e9 Raymond.<\/div><\/li><li class='wp-block-rss__item'><div class='wp-block-rss__item-title'><a href='https:\/\/media.hal.science\/hal-05588001v1'>[hal-05588001] Fonds Andr\u00e9 Raymond (1925-2011) &#8211; Syrie &#8211; Alep &#8211; Porte et d\u00e9cors architecturaux de la mosqu\u00e9e al-Taw\u0101sh\u012b (Tawashi) datant de 1537<\/a><\/div><time datetime=\"2026-04-10T19:17:09+02:00\" class=\"wp-block-rss__item-publish-date\">10 avril 2026<\/time> <div class=\"wp-block-rss__item-excerpt\">Sur l&#039;intercalaire avant la diapositive, Andr\u00e9 Raymond a indiqu\u00e9 &quot;Husrawiyya 1544&quot;, sur le carton de la diapositive et &quot;A Mosqu\u00e9e al Taw\u0101s(sh)\u012b [53] 1537&quot;. Boite 15 du fonds photographique d&#039;Andr\u00e9 Raymond.<\/div><\/li><li class='wp-block-rss__item'><div class='wp-block-rss__item-title'><a href='https:\/\/media.hal.science\/hal-05587992v1'>[hal-05587992] Fonds Andr\u00e9 Raymond (1925-2011) &#8211; Syrie &#8211; Alep &#8211; Cour int\u00e9rieure et abri couvert en hauteur de la mosqu\u00e9e al-Taw\u0101sh\u012b (Tawashi) datant de 1537<\/a><\/div><time datetime=\"2026-04-10T19:12:37+02:00\" class=\"wp-block-rss__item-publish-date\">10 avril 2026<\/time> <div class=\"wp-block-rss__item-excerpt\">Sur l&#039;intercalaire avant la diapositive, Andr\u00e9 Raymond a indiqu\u00e9 &quot;Husrawiyya 1544&quot;, sur le carton de la diapositive et &quot;M. Sa&#039;dallah al Malat\u012b (?) ev. 1539 M21&quot;. Boite 15 du fonds photographique d&#039;Andr\u00e9 Raymond.<\/div><\/li><li class='wp-block-rss__item'><div class='wp-block-rss__item-title'><a href='https:\/\/media.hal.science\/hal-05587042v1'>[hal-05587042] Fonds Bonnenfant-Outrebon \u2013 Y\u00e9men \u2013 Tih\u0101ma &#8211; Dans le w\u0101d\u012b Zab\u012bd, une paire de z\u00e9bus tirent un racloir, ma\u1e25arr.<\/a><\/div><time datetime=\"2026-04-10T12:12:37+02:00\" class=\"wp-block-rss__item-publish-date\">10 avril 2026<\/time> <div class=\"wp-block-rss__item-excerpt\">Le racloir, ma\u1e25arr, permet de niveler le sol et de fa\u00e7onner des lev\u00e9es de terre qui retiendront l&#039;eau dans la parcelle d&#039;agriculture irrigu\u00e9e par la crue. Autrefois outil indispensable pour l&#039;agriculture, il est souvent remplac\u00e9 par des bull-dozers, d\u00e8s les ann\u00e9es 1400 AH\/1980.<\/div><\/li><li class='wp-block-rss__item'><div class='wp-block-rss__item-title'><a href='https:\/\/media.hal.science\/hal-05586983v1'>[hal-05586983] Fonds Bonnenfant-Outrebon \u2013 Y\u00e9men \u2013 Tih\u0101ma &#8211; Le mausol\u00e9e de Mu\u02bf\u0101dh ibn Jabal s&#039;\u00e9l\u00e8ve juste au point o\u00f9 le w\u0101d\u012b Zab\u012bd d\u00e9bouche dans la plaine de la Tih\u0101ma<\/a><\/div><time datetime=\"2026-04-10T11:53:02+02:00\" class=\"wp-block-rss__item-publish-date\">10 avril 2026<\/time> <div class=\"wp-block-rss__item-excerpt\">Originaire de M\u00e9dine o\u00f9 il v\u00e9cut longtemps, Mu\u02bf\u0101dh ibn Jabal se convertit tr\u00e8s t\u00f4t \u00e0 l\u2019islam et fut un compagnon fid\u00e8le du proph\u00e8te Mu\u1e25ammad. Beau et intelligent, il est connu pour avoir bien m\u00e9moris\u00e9 les enseignements du Coran. Il fut envoy\u00e9 au Y\u00e9men par le Proph\u00e8te pour inciter sa population \u00e0 se convertir \u00e0 l\u2019islam. Ce compagnon est tr\u00e8s honor\u00e9 [&hellip;]<\/div><\/li><\/ul>","protected":false},"excerpt":{"rendered":"<p>Images de la recherche de la Maison m\u00e9diterran\u00e9enne des sciences de l\u2019homme<\/p>\n","protected":false},"author":8,"featured_media":0,"parent":0,"menu_order":0,"comment_status":"closed","ping_status":"closed","template":"","meta":{"footnotes":""},"class_list":["post-502","page","type-page","status-publish","hentry","entry"],"yoast_head":"<!-- This site is optimized with the Yoast SEO plugin v27.2 - https:\/\/yoast.com\/product\/yoast-seo-wordpress\/ -->\n<title>M\u00e9diHAL - P\u00f4le Biblioth\u00e8ques et Archives de la MMSH<\/title>\n<meta name=\"robots\" content=\"index, follow, max-snippet:-1, max-image-preview:large, max-video-preview:-1\" \/>\n<link rel=\"canonical\" href=\"https:\/\/pba.mmsh.fr\/?page_id=502\" \/>\n<meta property=\"og:locale\" content=\"fr_FR\" \/>\n<meta property=\"og:type\" content=\"article\" \/>\n<meta property=\"og:title\" content=\"M\u00e9diHAL - P\u00f4le Biblioth\u00e8ques et Archives de la MMSH\" \/>\n<meta property=\"og:description\" content=\"Images de la recherche de la Maison m\u00e9diterran\u00e9enne des sciences de l\u2019homme\" \/>\n<meta property=\"og:url\" content=\"https:\/\/pba.mmsh.fr\/?page_id=502\" \/>\n<meta property=\"og:site_name\" content=\"P\u00f4le Biblioth\u00e8ques et Archives de la MMSH\" \/>\n<meta property=\"article:modified_time\" content=\"2025-09-19T08:20:57+00:00\" \/>\n<meta property=\"og:image\" content=\"https:\/\/pba.mmsh.fr\/wp-content\/uploads\/2022\/12\/medihal.logo_.fr_.png\" \/>\n<meta name=\"twitter:card\" content=\"summary_large_image\" \/>\n<meta name=\"twitter:label1\" content=\"Dur\u00e9e de lecture estim\u00e9e\" \/>\n\t<meta name=\"twitter:data1\" content=\"1 minute\" \/>\n<script type=\"application\/ld+json\" class=\"yoast-schema-graph\">{\"@context\":\"https:\/\/schema.org\",\"@graph\":[{\"@type\":\"WebPage\",\"@id\":\"https:\/\/pba.mmsh.fr\/?page_id=502\",\"url\":\"https:\/\/pba.mmsh.fr\/?page_id=502\",\"name\":\"M\u00e9diHAL - P\u00f4le Biblioth\u00e8ques et Archives de la MMSH\",\"isPartOf\":{\"@id\":\"https:\/\/pba.mmsh.fr\/#website\"},\"primaryImageOfPage\":{\"@id\":\"https:\/\/pba.mmsh.fr\/?page_id=502#primaryimage\"},\"image\":{\"@id\":\"https:\/\/pba.mmsh.fr\/?page_id=502#primaryimage\"},\"thumbnailUrl\":\"https:\/\/pba.mmsh.fr\/wp-content\/uploads\/2022\/12\/medihal.logo_.fr_.png\",\"datePublished\":\"2022-12-13T21:30:38+00:00\",\"dateModified\":\"2025-09-19T08:20:57+00:00\",\"breadcrumb\":{\"@id\":\"https:\/\/pba.mmsh.fr\/?page_id=502#breadcrumb\"},\"inLanguage\":\"fr-FR\",\"potentialAction\":[{\"@type\":\"ReadAction\",\"target\":[\"https:\/\/pba.mmsh.fr\/?page_id=502\"]}]},{\"@type\":\"ImageObject\",\"inLanguage\":\"fr-FR\",\"@id\":\"https:\/\/pba.mmsh.fr\/?page_id=502#primaryimage\",\"url\":\"https:\/\/pba.mmsh.fr\/wp-content\/uploads\/2022\/12\/medihal.logo_.fr_.png\",\"contentUrl\":\"https:\/\/pba.mmsh.fr\/wp-content\/uploads\/2022\/12\/medihal.logo_.fr_.png\",\"width\":639,\"height\":300},{\"@type\":\"BreadcrumbList\",\"@id\":\"https:\/\/pba.mmsh.fr\/?page_id=502#breadcrumb\",\"itemListElement\":[{\"@type\":\"ListItem\",\"position\":1,\"name\":\"Accueil\",\"item\":\"https:\/\/pba.mmsh.fr\/\"},{\"@type\":\"ListItem\",\"position\":2,\"name\":\"M\u00e9diHAL\"}]},{\"@type\":\"WebSite\",\"@id\":\"https:\/\/pba.mmsh.fr\/#website\",\"url\":\"https:\/\/pba.mmsh.fr\/\",\"name\":\"P\u00f4le Biblioth\u00e8ques et Archives de la MMSH\",\"description\":\"Biblioth\u00e8ques et Archives \u00e0 la Maison m\u00e9diterran\u00e9enne des sciences de l\u2019homme\",\"publisher\":{\"@id\":\"https:\/\/pba.mmsh.fr\/#organization\"},\"potentialAction\":[{\"@type\":\"SearchAction\",\"target\":{\"@type\":\"EntryPoint\",\"urlTemplate\":\"https:\/\/pba.mmsh.fr\/?s={search_term_string}\"},\"query-input\":{\"@type\":\"PropertyValueSpecification\",\"valueRequired\":true,\"valueName\":\"search_term_string\"}}],\"inLanguage\":\"fr-FR\"},{\"@type\":\"Organization\",\"@id\":\"https:\/\/pba.mmsh.fr\/#organization\",\"name\":\"P\u00f4le Biblioth\u00e8ques et Archives de la MMSH\",\"url\":\"https:\/\/pba.mmsh.fr\/\",\"logo\":{\"@type\":\"ImageObject\",\"inLanguage\":\"fr-FR\",\"@id\":\"https:\/\/pba.mmsh.fr\/#\/schema\/logo\/image\/\",\"url\":\"https:\/\/pba.mmsh.fr\/wp-content\/uploads\/2026\/01\/cropped-cropped-LOGO-UAR-MMSHS-coul.png\",\"contentUrl\":\"https:\/\/pba.mmsh.fr\/wp-content\/uploads\/2026\/01\/cropped-cropped-LOGO-UAR-MMSHS-coul.png\",\"width\":1161,\"height\":303,\"caption\":\"P\u00f4le Biblioth\u00e8ques et Archives de la MMSH\"},\"image\":{\"@id\":\"https:\/\/pba.mmsh.fr\/#\/schema\/logo\/image\/\"}}]}<\/script>\n<!-- \/ Yoast SEO plugin. -->","yoast_head_json":{"title":"M\u00e9diHAL - P\u00f4le Biblioth\u00e8ques et Archives de la MMSH","robots":{"index":"index","follow":"follow","max-snippet":"max-snippet:-1","max-image-preview":"max-image-preview:large","max-video-preview":"max-video-preview:-1"},"canonical":"https:\/\/pba.mmsh.fr\/?page_id=502","og_locale":"fr_FR","og_type":"article","og_title":"M\u00e9diHAL - P\u00f4le Biblioth\u00e8ques et Archives de la MMSH","og_description":"Images de la recherche de la Maison m\u00e9diterran\u00e9enne des sciences de l\u2019homme","og_url":"https:\/\/pba.mmsh.fr\/?page_id=502","og_site_name":"P\u00f4le Biblioth\u00e8ques et Archives de la MMSH","article_modified_time":"2025-09-19T08:20:57+00:00","og_image":[{"url":"https:\/\/pba.mmsh.fr\/wp-content\/uploads\/2022\/12\/medihal.logo_.fr_.png","type":"","width":"","height":""}],"twitter_card":"summary_large_image","twitter_misc":{"Dur\u00e9e de lecture estim\u00e9e":"1 minute"},"schema":{"@context":"https:\/\/schema.org","@graph":[{"@type":"WebPage","@id":"https:\/\/pba.mmsh.fr\/?page_id=502","url":"https:\/\/pba.mmsh.fr\/?page_id=502","name":"M\u00e9diHAL - P\u00f4le Biblioth\u00e8ques et Archives de la MMSH","isPartOf":{"@id":"https:\/\/pba.mmsh.fr\/#website"},"primaryImageOfPage":{"@id":"https:\/\/pba.mmsh.fr\/?page_id=502#primaryimage"},"image":{"@id":"https:\/\/pba.mmsh.fr\/?page_id=502#primaryimage"},"thumbnailUrl":"https:\/\/pba.mmsh.fr\/wp-content\/uploads\/2022\/12\/medihal.logo_.fr_.png","datePublished":"2022-12-13T21:30:38+00:00","dateModified":"2025-09-19T08:20:57+00:00","breadcrumb":{"@id":"https:\/\/pba.mmsh.fr\/?page_id=502#breadcrumb"},"inLanguage":"fr-FR","potentialAction":[{"@type":"ReadAction","target":["https:\/\/pba.mmsh.fr\/?page_id=502"]}]},{"@type":"ImageObject","inLanguage":"fr-FR","@id":"https:\/\/pba.mmsh.fr\/?page_id=502#primaryimage","url":"https:\/\/pba.mmsh.fr\/wp-content\/uploads\/2022\/12\/medihal.logo_.fr_.png","contentUrl":"https:\/\/pba.mmsh.fr\/wp-content\/uploads\/2022\/12\/medihal.logo_.fr_.png","width":639,"height":300},{"@type":"BreadcrumbList","@id":"https:\/\/pba.mmsh.fr\/?page_id=502#breadcrumb","itemListElement":[{"@type":"ListItem","position":1,"name":"Accueil","item":"https:\/\/pba.mmsh.fr\/"},{"@type":"ListItem","position":2,"name":"M\u00e9diHAL"}]},{"@type":"WebSite","@id":"https:\/\/pba.mmsh.fr\/#website","url":"https:\/\/pba.mmsh.fr\/","name":"P\u00f4le Biblioth\u00e8ques et Archives de la MMSH","description":"Biblioth\u00e8ques et Archives \u00e0 la Maison m\u00e9diterran\u00e9enne des sciences de l\u2019homme","publisher":{"@id":"https:\/\/pba.mmsh.fr\/#organization"},"potentialAction":[{"@type":"SearchAction","target":{"@type":"EntryPoint","urlTemplate":"https:\/\/pba.mmsh.fr\/?s={search_term_string}"},"query-input":{"@type":"PropertyValueSpecification","valueRequired":true,"valueName":"search_term_string"}}],"inLanguage":"fr-FR"},{"@type":"Organization","@id":"https:\/\/pba.mmsh.fr\/#organization","name":"P\u00f4le Biblioth\u00e8ques et Archives de la MMSH","url":"https:\/\/pba.mmsh.fr\/","logo":{"@type":"ImageObject","inLanguage":"fr-FR","@id":"https:\/\/pba.mmsh.fr\/#\/schema\/logo\/image\/","url":"https:\/\/pba.mmsh.fr\/wp-content\/uploads\/2026\/01\/cropped-cropped-LOGO-UAR-MMSHS-coul.png","contentUrl":"https:\/\/pba.mmsh.fr\/wp-content\/uploads\/2026\/01\/cropped-cropped-LOGO-UAR-MMSHS-coul.png","width":1161,"height":303,"caption":"P\u00f4le Biblioth\u00e8ques et Archives de la MMSH"},"image":{"@id":"https:\/\/pba.mmsh.fr\/#\/schema\/logo\/image\/"}}]}},"_links":{"self":[{"href":"https:\/\/pba.mmsh.fr\/index.php?rest_route=\/wp\/v2\/pages\/502","targetHints":{"allow":["GET"]}}],"collection":[{"href":"https:\/\/pba.mmsh.fr\/index.php?rest_route=\/wp\/v2\/pages"}],"about":[{"href":"https:\/\/pba.mmsh.fr\/index.php?rest_route=\/wp\/v2\/types\/page"}],"author":[{"embeddable":true,"href":"https:\/\/pba.mmsh.fr\/index.php?rest_route=\/wp\/v2\/users\/8"}],"replies":[{"embeddable":true,"href":"https:\/\/pba.mmsh.fr\/index.php?rest_route=%2Fwp%2Fv2%2Fcomments&post=502"}],"version-history":[{"count":11,"href":"https:\/\/pba.mmsh.fr\/index.php?rest_route=\/wp\/v2\/pages\/502\/revisions"}],"predecessor-version":[{"id":35302,"href":"https:\/\/pba.mmsh.fr\/index.php?rest_route=\/wp\/v2\/pages\/502\/revisions\/35302"}],"wp:attachment":[{"href":"https:\/\/pba.mmsh.fr\/index.php?rest_route=%2Fwp%2Fv2%2Fmedia&parent=502"}],"curies":[{"name":"wp","href":"https:\/\/api.w.org\/{rel}","templated":true}]}}